59)/(-23)*w/(-14)?
2, 19, 29
Suppose -4*t = -0*t. What are the prime factors of 24747/33 - (t - 8/88)?
2, 3, 5
Let r be (32/3)/(11/198). Suppose s + r = 3*s. List the prime factors of s.
2, 3
Suppose 6*c - 3*c + 252 = 0. Let l = 31 - 16. Let b = l - c. What are the prime factors of b?
3, 11
Suppose -4*l - 5*h = -1029, 1044 - 271 = 3*l + 5*h. Suppose 4*c + l = 2*y, 4*y = c + 3*c + 508. Suppose u + 12 = y. List the prime factors of u.
2, 3, 19
Suppose -17 = -s + 5*p, 7*p - 3*p = 3*s - 18. Suppose 2 = -u + s. Suppose u = -2*c + 3*a + 101, -4*c = 6*a - 2*a - 232. What are the prime factors of c?
5, 11
Let h = 81 - 36. Suppose u = -3*i + 2*u + 109, 0 = i + 4*u - h. Suppose -i*l + 35*l + 94 = 0. List the prime factors of l.
47
Let d(n) = -1046*n**3 - 13*n**2 - 44*n - 17. List the prime factors of d(-3).
2, 5, 353
Suppose -2*v + 3*f = -21460, -40*f = -41*f - 4. What are the prime factors of v?
2, 7, 383
Let k be (1091 + -4*5/(-10))*1. Suppose 6*f - 2447 = k. List the prime factors of f.
2, 5, 59
Suppose 204 = m + 3*w - 1095, 16 = -4*w. Suppose -5*x + 6615 = 24*g - 26*g, -2*g + m = x. List the prime factors of x.
1321
Let j(w) = 1540*w**2 + 3*w + 21. List the prime factors of j(-3).
2, 3, 17
Let v = 4991 + -2768. List the prime factors of v.
3, 13, 19
Let f(q) = -28*q**3 + 2*q + 2. Let w be f(-1). Let v(u) = 7 + 0 + w - 9*u. What are the prime factors of v(-10)?
5
Let d(q) = q**2 + 2*q + 53. Let j = -14 - -33. Let f be 2/(-4)*(j - 19). What are the prime factors of d(f)?
53
Let y(m) = -m**3 - 7*m**2 + 34. Let q be y(-6). What are the prime factors of ((-41469)/(-46))/((-3)/q)?
601
List the prime factors of (253529/302)/((-2)/(-52)).
13, 23, 73
Let i = 53 + -11. Let y = -40 + i. Suppose -5*u + 203 = y*u. List the prime factors of u.
29
Let h = -12547 - -18574. List the prime factors of h.
3, 7, 41
Let f(j) be the first derivative of j**2/2 + 8*j + 1491. Let u(l) = l**2 - 8*l + 6. Let v be u(6). What are the prime factors of f(v)?
2
Let g be (2 - 1)/((-4)/(-5640)). Suppose -2*k - 77 + 14 = -3*c, 2*c - 42 = -5*k. What are the prime factors of g/c - (-2)/(-14)?
67
Let y = 46 + -42. Let j be -4 - y/(-6)*(-3)/2. What are the prime factors of (-4)/10 + (-597)/j?
7, 17
Let o(w) be the third derivative of -7/24*w**4 - 7/2*w**3 + 0 - 7*w**2 + 0*w. What are the prime factors of o(-11)?
2, 7
Let j(p) = -2*p - 9. Let v be j(-5). Let w be (4 - v)*12/9. Suppose 0 = 3*x - 3*a - 150, 0*x + 200 = w*x - 3*a. What are the prime factors of x?
2, 5
Suppose -7*w = -10 + 38. Let a be (-18)/w*(-6)/(-9). Suppose -a*h + 201 = -0*h. List the prime factors of h.
67
Let o = -1781 + 3696. What are the prime factors of o?
5, 383
Let x be 6400/11 - (-18)/99. Suppose -2*g = 356 + x. Let i = -323 - g. What are the prime factors of i?
2, 73
Let g = 148 + -146. Suppose 3*o - 5*b = -b + 67, -g*o = b - 30. Let h(y) = y**3 - 17*y**2 + 8*y + 20. What are the prime factors of h(o)?
2, 3, 13
Let a(k) = -k**2 - 6*k - 5. Let r be a(-3). Let u be (-204)/5*(-9 + r). Suppose -u = 9*z - 852. List the prime factors of z.
2, 3
Let v = 194 - 191. Suppose y - 307 = v*n, 3*n - 319 = -9*y + 8*y. List the prime factors of y.
313
Let y(m) = m**3 + 7*m**2 + 3*m + 23. Let b be y(-6). Let g = b - -129. What are the prime factors of g?
2, 5, 17
Let c = 931 + 29983. What are the prime factors of c?
2, 13, 29, 41
List the prime factors of 460/2*(6834/136)/(6/4).
5, 23, 67
Suppose 2*d = 4*p + 38836, -315*d + 316*d - 4*p = 19402. List the prime factors of d.
2, 3, 41, 79
Let z be (8/(-12))/(5/30). Let v be 1 + z/6 - 12190/(-6). Suppose -923 = -15*m + v. List the prime factors of m.
197
Let r(h) = 2*h - 28. Let s = 11 - -3. Let f be r(s). List the prime factors of (28 - f)*1/4.
7
Let a(s) = 21*s**2 + 9*s + 9. Let n = -69 + 65. What are the prime factors of a(n)?
3, 103
Let p = -215 + 220. Let g(r) = 3*r**3 + 3*r**2 + 5*r - 3. List the prime factors of g(p).
2, 59
Let u = 16921 + -11735. What are the prime factors of u?
2, 2593
Let g be 5*-2*3008/40. What are the prime factors of (-2 + (-4 - -3))*1 - g?
7, 107
Suppose -8*s = -3*s - 8000. Suppose -4*t - 4*l = -s, 0 = -3*t - 0*t + 2*l + 1180. What are the prime factors of t?
2, 3, 11
Let z(d) = -181*d + 118. What are the prime factors of z(-6)?
2, 7, 43
Let n be (-4 + 776/12)/((-1)/3). Let z be 1/4 - (-2214)/8. Let b = n + z. List the prime factors of b.
5, 19
Let z = 949 + -714. What are the prime factors of 50624/36 - (-5 + z/45)?
2, 19, 37
Let s(c) = -19778*c - 5652. List the prime factors of s(-3).
2, 3, 23, 389
Let q be 3/(-5) - ((-930048)/(-20))/(-14). Suppose 0 = -3*g - 3*p + q, 16*p + 2186 = 2*g + 11*p. List the prime factors of g.
1103
Let c = -66 - -168. Suppose k = 3*q - 814, 0 = q - 2*k - 176 - c. What are the prime factors of q?
2, 3, 5
Suppose 1814 = -5*t - g - 312, -1699 = 4*t - g. Let d = t - -780. List the prime factors of d.
5, 71
Let k = 14 - 84. Let b = -107 - k. Let i = 3 - b. List the prime factors of i.
2, 5
Suppose 4*f = 9*f - 25. Suppose -r = -f*o - 304, 0*o - 4*o - 20 = 0. List the prime factors of r.
3, 31
Let d(q) = -q**3 + 8*q**2 - 8*q + 14. Let v be d(7). Suppose -v*c = -4105 - 35046. List the prime factors of 8/6 - c/(-51).
3, 37
Suppose -t + 1297 = -4*n, 2584 = -5*t - 3*n + 9207. List the prime factors of t.
1321
Let y = 1642 + -442. Suppose 4*i = -5 - 3, -4*i - y = -4*v. List the prime factors of v.
2, 149
Suppose -3*c + 677 = 2*x, -5*x + 3*x = 5*c - 1135. Let o(t) = -t**3 + 8*t**2 + 3*t - 6. Let g be o(9). Let r = c + g. List the prime factors of r.
13
Suppose 2*q = q + 2*n + 79, -3*n - 296 = -4*q. Suppose -3*v = 2*c + 139, 3*v = 5*c - q - 54. Let d = v + 147. What are the prime factors of d?
2, 3, 17
Let b = -81786 - -134105. What are the prime factors of b?
113, 463
Let m = -12 + 22. Suppose 0 = -7*d + 9*d - m. Suppose 0 = 28*h - 27*h - d. List the prime factors of h.
5
Let d(m) = -20*m**3 + 23*m**2 - 4*m - 17. Let n be d(5). What are the prime factors of (4/6)/((-7854)/n - 4)?
2, 109
Let n be (-2)/9 + (-319)/(-99). Let f be (-22)/n + 7/(84/(-8)). Let c(j) = 2*j**2 + 11*j + 17. List the prime factors of c(f).
3, 19
Let v = -498 - -500. Suppose -v*k + 1161 = -1139. List the prime factors of k.
2, 5, 23
Suppose 0 = 5*s + 5*h - 5, 5*s - 29 = h + 6. What are the prime factors of (s + -10 + 9)*(-678)/(-10)?
3, 113
Let f = 47 + -47. Suppose 3*t - 3*b - 115 = -7*b, 2*t - 5*b - 69 = f. List the prime factors of t.
37
Let k be (-350)/(-84) + (-6)/36. Suppose 4*q - 11 = -3*r - q, -5*r = 3*q + 3. List the prime factors of k - (-5 - r)*85.
2, 3, 29
Let v = 2439 - -2660. What are the prime factors of v?
5099
Let i = -42 - -76. Suppose 18*d = i*d - 5232. List the prime factors of d.
3, 109
Suppose -10*i = -2047 + 687. Let n = -133 + i. What are the prime factors of 3 - (-1 + -234 - (n - 5))?
2, 59
Let u(w) = 61*w**3 - 6*w**2 + 3*w + 11. Let c be u(-3). Let i = -777 - c. List the prime factors of i.
2, 461
Let c = 100 + -90. Suppose -5*w - 1290 = -c*w. Suppose b = 2*j - w, b + 512 = 4*j - 3*b. What are the prime factors of j?
2, 5, 13
Let f be (59/2)/((-32)/(-9664)). Let o = -4866 + f. Suppose 14*j - o = -1663. What are the prime factors of j?
2, 5, 17
Let b = -4551 + 15154. What are the prime factors of b?
23, 461
Suppose 4*d + n - 171587 = 0, 0 = -2*d + n + 55333 + 30456. List the prime factors of d.
2, 7, 383
Let w(r) = 3*r**2 - 12*r - 7. Let y be w(-17). Suppose 16*o - y = 8*o. List the prime factors of o.
7, 19
Let t = 26114 + -10922. What are the prime factors of t?
2, 3, 211
Suppose -5*q - 4*n = 8, -4*q = -5*q + 5*n + 10. Suppose 5*w + 4*u - 2752 = 0, -2*w + 2*u + 1225 - 117 = q. What are the prime factors of w?
2, 3, 23
List the prime factors of (4 - 5)/((-7)/4760).
2, 5, 17
Suppose -328*p - 52 = -329*p. Suppose -5*q = 4*l - 208, l + 0*l = -4*q + p. What are the prime factors of l?
2, 13
Let k be (-17)/(-68) + (-21)/4. What are the prime factors of k + (0 - -1) + 229?
3, 5
Suppose h = -4*q + 6964, -5*h + 0*h - 2*q = -34766. Suppose h + 12668 = 10*n. List the prime factors of n.
2, 3, 109
Let r = 1728 - 728. Suppose 0 = -5*z, -5*z - r = -2*c - 2*c. What are the prime factors of c?
2, 5
Let q(x) = 3*x**2 + 37*x - 24. Let z be q(-13). Suppose -80 = -z*o + 5*i - 55, -4*o = i - 39. What are the prime factors of o?
2, 5
List the prime factor